 = 26*s - 14241 + 1592. What is the highest common divisor of 1378 and s?
106
Let u = 36 - 67. Suppose 0 = 91*l - 7693 + 2142. Let h = l + u. Calculate the highest common divisor of 120 and h.
30
Suppose -2*m - 504 = -j, 5*m = -9*j + 10*j - 489. Suppose j*p - 1408 = 510*p. What is the greatest common divisor of p and 22?
22
Suppose -t - 5*z - 35 = -6*t, 63 = 4*t + 3*z. Let n be 6/(-8) + 497/28. Let g be t - 11 - n/(-1). Calculate the highest common factor of g and 27.
9
Let h = -8 + 116. Suppose 254 + 282 = 4*y. Suppose -14*o + 34 = -y. What is the greatest common divisor of o and h?
12
Suppose y - 12 = -3*u, 5*y - 28*u - 60 = -30*u. Suppose y*q - 52 = -q. What is the greatest common divisor of 68 and q?
4
Let z be (-3)/2 + -10*(-198)/24. Let r = -6 - -10. Suppose -r*d + 25 = -11. What is the highest common divisor of d and z?
9
Suppose 1589*w - 1570*w = 760. What is the highest common factor of 13960 and w?
40
Suppose -l = 5*m - 2881, 2*l + 2299 = 4*m - 3*l. Suppose -9*j + 171 = -2*j - 81. What is the highest common factor of j and m?
36
Let c(z) = -z**3 - 18*z**2 + 42*z + 53. Let f be c(-20). Suppose -4*l = -272 + 12. Calculate the highest common divisor of l and f.
13
Let r be 1 + 82306/35 - 2/(-5). Calculate the greatest common factor of 362 and r.
181
Suppose -2*i - 183 = -5*i - 15. What is the greatest common factor of 525 and i?
7
Let d = 388 + -346. Suppose -d*t - 1960 = -46*t. What is the greatest common factor of 140 and t?
70
Let z(f) = 43*f**3 + 2*f**2 + f - 6. Let y be z(3). Calculate the highest common factor of y and 8.
8
Suppose -24*r + 78*r = 281556. Calculate the greatest common factor of r and 154.
22
Let w be 2 + -3 + 37 + 0. Let u be ((-2)/5)/((-57)/2565). Calculate the greatest common factor of u and w.
18
Suppose 92*s + 313500 = 103*s. What is the greatest common factor of 10 and s?
10
Let j = 45 - 21. Let y = -37 + j. Let b(g) = -2*g - 18. Let d be b(y). What is the greatest common factor of 64 and d?
8
Let w(s) = -8*s + 46. Let d be 1 - 1/((-1)/3). Let l be w(d). What is the highest common divisor of l and 434?
14
Suppose -4*x = 3*z - 14, -4*x + 10 = -23*z + 28*z. Let j be 1 - x - ((9 - 12) + -109). Calculate the highest common divisor of 24 and j.
12
Let l = 375 + -267. Let m = 228 - l. Calculate the greatest common divisor of m and 15.
15
Let r(a) be the third derivative of a**5/15 + 7*a**4/24 - a**3/2 - 11*a**2. Let m be r(4). Let k = m - 64. What is the greatest common divisor of 175 and k?
25
Let v be 2/(-4)*184/138*-84. Calculate the greatest common factor of v and 70.
14
Let x = 1645 - 1653. Let s = 2 - 1. Let o = s - x. Calculate the highest common divisor of o and 63.
9
Let s(g) = -g**3 + 7*g**2 - g + 9. Let m be s(7). Let i be 62/(-10) - 4/(-20). Let t be (-4)/(-2) - (i + 2). Calculate the highest common divisor of m and t.
2
Let u(l) = -6*l**3 + 3*l**2 - 12. Let j be u(-2). What is the greatest common factor of j and 654?
6
Let a = -2263 - -2287. Let t = 26 + -17. Suppose -30 = -t*y + 4*y. What is the greatest common factor of a and y?
6
Suppose 19*r - 101 = -44. Let u be 48/18 - (-4)/r. What is the greatest common divisor of 68 and u?
4
Let c = -14 + 23. Suppose -3*z = 0, 4*p - z - 31 - c = 0. Suppose 112 = 3*y - i - 99, 0 = 2*i + 2. What is the greatest common divisor of p and y?
10
Suppose 2*a + a - 172 = -4*o, -4*a + o = -261. Let d(n) = 6*n**2 + 416*n - 184. Let w be d(-70). Calculate the highest common divisor of a and w.
32
Let j be 20/(-6)*-5*18/(-30). Let z be ((-4)/j)/((-7)/(-105)). Let v be ((-2)/2 - 0) + 4. What is the highest common divisor of v and z?
3
Suppose -159460 = k - 111*k - 30*k. Calculate the greatest common divisor of 119 and k.
17
Let r = 1187 + -1167. Let a be 4/(-10) + (-306)/(-15). Calculate the highest common factor of a and r.
20
Let v(r) = r**2 - 7*r - 9. Let s be v(8). Let o(a) = -10*a**3 - a**2 - a - 1. Let i be o(s). Let n = -62 - -98. Calculate the highest common factor of i and n.
9
Let h(v) = 44*v**2 + 5*v + 4. Let k be h(-3). Let c = 9033 - 8978. What is the greatest common factor of c and k?
55
Let a be -2 + 64*1/2. Let z(l) = 16*l + 37. Let h(s) = 9*s + 19. Let k(u) = -7*h(u) + 4*z(u). Let r be k(5). What is the highest common factor of a and r?
10
Let v be 177/7 + (-4)/14. Suppose 546*a = 120*a + 2130. Calculate the greatest common factor of v and a.
5
Let z = -124 + 126. Suppose z*k - 43 = 173. What is the greatest common factor of k and 12?
12
Suppose 3*m + 984 = -2*a + 1686, 3*a + 18 = 0. Calculate the greatest common factor of m and 867.
17
Suppose 10*o + 31 = -369. Let r = o + 49. Let v be 38/95 + (-806)/(-10). What is the highest common factor of r and v?
9
Let g be ((-2)/2)/(-5*(-2)/30). Let w be ((-5)/g)/(10/36). Let x(r) = -2*r - 4. Let k be x(-5). What is the greatest common factor of w and k?
6
Let s be (-36)/(-2) - 60/(-10). Calculate the greatest common factor of 192 and s.
24
Let r be (0 - (-8)/(-16))*(-12)/2. Suppose 18*h - 13*h + z - 12 = 0, 24 = r*h - 5*z. What is the greatest common factor of 27 and h?
3
Suppose -680 = -44*g + 40*g - 2*v, 3*g = -3*v + 510. Calculate the highest common divisor of 320 and g.
10
Suppose 17568 = -132*m + 156*m. Calculate the highest common factor of 915 and m.
183
Let r = 1996 + -1960. What is the highest common factor of 1152 and r?
36
Let s be ((-2277)/44)/(9/(-228)). Calculate the greatest common divisor of 1173 and s.
69
Let g(u) = -u**3 - 10*u**2 - 14*u - 7. Let z be g(-9). Suppose -5*x = -4*x - z. Let w be 1152/60 - 1/5. Calculate the greatest common factor of x and w.
19
Suppose -4*k = 4*f - 34788, -f - 33773 = -5*k + 9682. Calculate the greatest common divisor of k and 848.
212
Let y(m) = -m**2 + 5*m + 3. Let h be y(5). Suppose h = -5*f - 12, 2*c = 4*f + 16. Let k be (0 + (-3)/c)*-20. Calculate the highest common factor of k and 270.
30
Suppose -10*m = -18150 + 1990. Suppose -4*l - 2*h + m = 0, -8*l + 2007 = -3*l - 4*h. Calculate the greatest common factor of l and 93.
31
Suppose 33*w - 1 + 67 = 0. Let a be (4/(64/(-16)))/(w/236). What is the highest common factor of a and 295?
59
Let x = 33 + -13. Suppose -19*v + 15*v = 20, 3*w + 4*v = -8. Suppose 4*t - 9*t + 21 = -w*s, 2*t = 5*s + 22. What is the highest common divisor of x and t?
1
Let a = 70224 + -70214. Let n(s) = -10*s**3 - s**2 - 2*s. Let x be n(-2). Suppose 2*w + 2*w = x. What is the greatest common factor of w and a?
10
Let g be 30*30*(-24)/(-300). Calculate the greatest common divisor of 736 and g.
8
Suppose 7*c + 403 = 2153. Let a = c + -237. Suppose -z = -54 + 15. Calculate the greatest common divisor of a and z.
13
Let z = -507 + 508. Suppose 5 = -3*r - 2*j, -r + 2*j - 13 = 2*r. Let n be (17 + 1)*(z - r). Calculate the highest common divisor of n and 48.
24
Let b = 1264 + -853. Let m = b + -409. What is the highest common divisor of 34 and m?
2
Suppose 3*c - 5*n + n + 138 = 0, -n = 3*c + 123. Let v = c + 53. Calculate the greatest common divisor of 517 and v.
11
Suppose 3*n - 6 = -2*u, 4*n - 8 = 2*u + 14. Suppose -3*h - n = -19. What is the highest common divisor of 135 and h?
5
Let f be (3*5196/(-90))/((-4)/10). Let w = f + -419. What is the greatest common divisor of w and 98?
14
Suppose -13*u + 336 = 11*u. Let z(a) = -a**2 + 16*a + 2. Let q be z(u). Calculate the greatest common factor of 6 and q.
6
Let g = 90995 + -90935. Suppose -5*m + 3*k + 503 = 0, 0 = -m - k + 52 + 47. What is the highest common factor of m and g?
20
Let v be (-1)/(7 + (-1012)/144). Suppose 3*m - 3*a - 856 = -a, 3*a = 12. Calculate the highest common divisor of m and v.
36
Suppose 9*s + s - 235712 = -6*s. What is the highest common divisor of s and 116?
116
Let b be -8*330/(-40) - 6. Calculate the greatest common factor of b and 380.
20
Let z be (0 + 1)*6 + 3/3. Suppose 0 = -z*h + 4*h + 9. What is the highest common factor of 27 and h?
3
Suppose 0 = 5*o + 46 - 1601. Let q = o + -168. Suppose -138*c = -q*c + 35. What is the highest common factor of c and 7?
7
Let t(a) = 17*a - 116. Let u be t(7). Suppose 0 = -2*p - 2, -u*p = 5*q - 12. Calculate the greatest common divisor of 21 and q.
3
Suppose 5*z - z - 72 = 0. Suppose 25 = 5*f - 35. Suppose f = -4*u, -u - 3 = -d + 18. What is the greatest common divisor of z and d?
18
Suppose 220*r = 262*r - 9162 - 76518. Calculate the